 = -3*n + 406 - 22. Let r = n - 48. Calculate the highest common factor of r and d.
20
Suppose -a + 4*y - 10 = 0, a = 2*a + 5*y - 17. Suppose 4*i - 16 = 5*p + 6, -a*i + 3*p = -12. What is the highest common factor of 27 and i?
3
Suppose -2949*i = -3107*i + 447456. What is the highest common factor of i and 413?
59
Let p be (-4270)/549*-5*9. What is the greatest common divisor of p and 14?
14
Let k be ((-300)/24 + 14)*(-34)/(-3). Calculate the highest common divisor of 153 and k.
17
Let u be (-1)/(1 - 260/261). Let q be (u/18)/((-2)/(-4)). Let d(j) = j**2 + 27*j - 25. Let r be d(q). Calculate the highest common factor of 264 and r.
33
Suppose 262 = -6*s - 710. Let z = s - -167. Calculate the greatest common divisor of 320 and z.
5
Suppose 46 = 10*i - 44. Let c(b) = -b**2 + 22*b - 84. Let a be c(i). What is the greatest common factor of a and 165?
33
Let s = -26859 - -26871. Let t(a) = -a**2 + 7*a. Let p be t(7). Suppose -8*f + 3*f + 300 = p. What is the greatest common divisor of f and s?
12
Let s = 8700 + -8755. Let c(b) = -b**2 - b - 1. Let o be c(-3). Let h be 5*o*88/s. What is the greatest common divisor of h and 14?
14
Let x = 2633 - 1467. Calculate the highest common divisor of x and 530.
106
Let m(s) = -s**2 + 14*s + 127. Let z be m(-6). Let l be 7/(-14)*6 + z. Let g be -1*2 + 4 - -30. What is the highest common factor of g and l?
4
Suppose -6 = 7*g - 9*g. Let s be (-43 - 18/9)*18/(-10). Calculate the highest common factor of g and s.
3
Let z(v) = -48 + 149 + 52 - 6*v. Let c be z(20). What is the highest common factor of 6 and c?
3
Let z = -299 + 308. Let b be ((-42)/5)/(-1)*(z + 6). Calculate the greatest common divisor of 18 and b.
18
Suppose 3*m - c = 29, -161*m + 156*m - 4*c = -20. What is the greatest common factor of 1048 and m?
8
Let t(w) = 4*w**2 - 1. Let m be t(-2). Suppose 0 = -f - 446 + 242. Let b be 3/(-5) - (f/m + 0). Calculate the highest common factor of 13 and b.
13
Let d(l) = 2*l**2 - 12*l - 1. Let j be d(-6). Suppose -k - 3*t + 28 = -7*t, -2*t = -k + 36. What is the highest common divisor of k and j?
11
Suppose 4*z + 17*r - 18*r = 428, 5*z + 3*r - 552 = 0. Calculate the greatest common factor of z and 702.
54
Let o = -270 - -494. Let x(q) = 105 - 113 - 70 + 35*q - 174. Let h be x(8). What is the greatest common divisor of h and o?
28
Suppose -r + 4*r = -n + 623, -5*n + 10 = 0. Let u = 49 + r. Calculate the greatest common factor of u and 8.
8
Let t = -19158 + 19390. Calculate the highest common factor of t and 4930.
58
Suppose 0*b - 3*b = -1020. Let p = 24241 - 24105. What is the greatest common divisor of b and p?
68
Let v(s) = s**3 + 7*s**2 - s - 4. Let d be v(-7). Let i be (-20)/d*(-12)/5. Suppose -1608 = 82*j - 41*j - 108*j. What is the highest common factor of i and j?
8
Suppose 0 = d + 1 + 3, d + 7 = t. Let f = -38970 + 39066. Calculate the greatest common factor of t and f.
3
Let g(d) = 61*d + 86. Let s be g(1). Suppose -5*r - 2*b = -718, -r - 165*b + s = -168*b. Let j = 18 - 0. Calculate the highest common factor of j and r.
18
Suppose -3*u + 68 - 53 = 0, 0 = -5*x + 4*u + 835. What is the highest common divisor of x and 5301?
171
Let z = -4976 + 5152. Calculate the highest common factor of 80 and z.
16
Let m be -6*(1 - (-1 - -8)). Let p = 140128 + -139984. Calculate the greatest common factor of m and p.
36
Let o(y) = y**2 - 19*y + 109. Let l be o(10). Calculate the highest common divisor of l and 1786.
19
Let q(l) = -47*l - 25. Let a be q(-5). Let m be 4/10 - 4598/(-55). Calculate the highest common divisor of a and m.
42
Suppose -3*r + 185 = -p, 0 = 2*r - 14*p - 15 - 55. Calculate the highest common factor of 294 and r.
21
Let f = -2251 + 2307. Calculate the highest common divisor of f and 686.
14
Let o(y) = 5*y + 36. Let c(p) = 11*p + 72. Let m(r) = -6*c(r) + 13*o(r). Let w be m(15). Let b be w - (3 + 0)*-1. What is the greatest common factor of 3 and b?
3
Suppose -417 = -3*k + 3*c, c + 2*c - 735 = -5*k. Let v be 16 - (-24 - 1736/(-70) - 4/5). Calculate the greatest common factor of v and k.
16
Let j be ((-42 - -45)/(6/(-332)))/(1/(-8)). Calculate the highest common divisor of j and 3403.
83
Let o(g) = 2*g**2 - 22*g + 2. Let q be o(16). Suppose q*k = 158*k + 1056. Calculate the greatest common divisor of 11 and k.
11
Suppose -10*s + 9537 = -7573. Calculate the highest common factor of 118 and s.
59
Suppose 2*a + 27 - 79 = 0. Let v be 6 + 1 + 61 + -4. Let z = -51 + v. Calculate the highest common factor of z and a.
13
Let m(x) = 16*x**2 - 26*x + 12. Let l(n) = 14*n**2 - 25*n + 10. Let v(d) = -7*l(d) + 6*m(d). Let j be v(8). What is the highest common factor of j and 104?
26
Let m(r) = 304*r + 930. Let a be m(-1). Calculate the greatest common divisor of 8 and a.
2
Let a(r) = -4*r**3 - 3*r - 2. Let m be a(-2). Let t = 12554 - 12550. Calculate the greatest common factor of t and m.
4
Suppose 0 = 3*f - 86 - 40. Suppose 26*s - 1291 - 455 = -71*s. What is the highest common divisor of f and s?
6
Let o = -87733 + 128563. What is the greatest common divisor of 30 and o?
30
Let p(i) = 10*i + 98. Let g be p(-9). Let y be (-1330)/(-21)*(-2 + g + 0). What is the greatest common divisor of 40 and y?
20
Suppose -q = 5 + 466. Let n = q + 483. What is the highest common divisor of 732 and n?
12
Let v = 4093 - 1118. Calculate the greatest common divisor of 255 and v.
85
Let f(u) = -11*u + 7. Let d be f(-7). Let z be ((-13)/(-7) - (-11 - -12))*(36 + -8). What is the greatest common divisor of d and z?
12
Suppose 5*v + 2*b - 2680 = 0, -5*v + 485 + 2195 = -2*b. What is the greatest common factor of 72 and v?
8
Let g be (-1 - -5)*46/8. Suppose 0 = 2*p - g + 9. What is the highest common divisor of p and 9?
1
Suppose -84*r + 603 = 77*r - 152*r. Calculate the highest common factor of r and 2144.
67
Let m = 23838 + -18792. What is the highest common factor of 522 and m?
174
Let k(m) = -469 + 411 + 18*m + m. Let q be k(25). Suppose 117 = -10*i + q. Calculate the highest common divisor of i and 12.
6
Suppose -918 = -2*v - s, 187*v - 185*v - 924 = -2*s. What is the highest common divisor of v and 7980?
228
Suppose -4*v + 4 = -2*c + 16, -2*c + 10 = -3*v. Let m be 54/(-10) - (-8)/20. Let h be 294/15 - c/m. What is the greatest common divisor of 160 and h?
20
Suppose -262*y + 228 = -258*y. Suppose 4*j = 3*r + y, -8*j + r - 23 = -9*j. What is the greatest common divisor of 99 and j?
9
Suppose -29 - 21 = -2*k. Let r(u) = 4*u**2 + 21*u + 15. Let g be r(-6). Suppose -g = -26*c + 97. What is the greatest common divisor of c and k?
5
Let p(m) = m**3 - 18*m**2 - 35*m - 87. Let i be p(20). What is the highest common divisor of i and 4667?
13
Let j(b) = -b**2 - 7*b - 2. Let q be j(4). Let z = q - -50. Let y(x) = x + 1. Let r be y(z). Calculate the greatest common factor of 10 and r.
5
Suppose -3*n = -2 + 2. Let x be -1*n/(-4) + 3. Suppose -x*a = -3 - 30. Calculate the greatest common factor of 1 and a.
1
Let t be 13/3 - (-1)/(-3). Suppose -t*u + 38 = 6. Let n be 35/(-7)*4/110 - (-47530)/539. Calculate the highest common factor of n and u.
8
Let n(l) = -36*l + 162. Let g be n(-4). Suppose -1252 = -11*u - g. What is the greatest common factor of u and 946?
86
Let j = -128 - -186. Suppose 0 = -2*h - o + 43, 12*o - 17*o - j = -3*h. What is the greatest common divisor of h and 3?
3
Suppose -2945*a + 3058*a - 1865898 = 1161711. Calculate the greatest common divisor of a and 234.
117
Let a be -2 + 0/(-1) + -4. Let h be 2/a - 2577/(-9). Let g(v) = -1406*v + 2838. Let p be g(2). Calculate the greatest common factor of p and h.
26
Let m be 1*2/2 - (-365 - 8). Let i(r) = 9*r**2 - 6*r + 5. Let s be i(4). Suppose s = 5*o - 45. Calculate the greatest common factor of o and m.
34
Let f(s) = -7*s - 28 - 124 + 36. Let b be f(-18). Suppose -32 - 48 = -4*u. What is the greatest common factor of b and u?
10
Let i(n) be the second derivative of n**3/6 + 21*n**2/2 + 169*n. Let o be i(-5). What is the greatest common factor of o and 24?
8
Let s(g) = -9*g**3 - 9*g**2 - 8*g + 1. Let r be s(-1). What is the highest common divisor of 69 and r?
3
Let a be 3/15 + 4/50*12385. Let r be (78/(-52))/((-6)/(-20)) + a. What is the greatest common divisor of r and 58?
58
Let p be ((-210)/20 - -2)/(1*(-1)/18). What is the greatest common factor of p and 85?
17
Let z = -144 - -228